 prime number?
False
Is 112475191 prime?
True
Is 27608747 composite?
True
Is 434807459 composite?
False
Is 25622321 a prime number?
True
Is 557261 prime?
True
Is 80262031 prime?
False
Is 3994231 a prime number?
False
Is 1624487 a composite number?
False
Is 298357849 a composite number?
False
Is 6074301 a composite number?
True
Is 4566361 a composite number?
False
Is 708821 composite?
True
Is 2802973 a composite number?
False
Is 4189403 a prime number?
True
Is 392699 a prime number?
True
Is 2922353 a composite number?
True
Is 473741293 composite?
True
Is 406937293 prime?
False
Is 95747 composite?
False
Is 2575663 prime?
True
Is 2637737 composite?
True
Is 1046627 prime?
True
Is 7671089 a prime number?
True
Is 424019 composite?
False
Is 25064167 a composite number?
False
Is 161054 a prime number?
False
Is 7379233 composite?
True
Is 4378549 prime?
False
Is 482572213 composite?
False
Is 461657 prime?
False
Is 1108903 a prime number?
True
Is 717397 prime?
True
Is 276100459 a composite number?
True
Is 1516547 prime?
True
Is 4886681 prime?
False
Is 7158449 prime?
True
Is 24736577 prime?
True
Is 3860371 composite?
True
Is 9947999 prime?
True
Is 5373623 composite?
True
Is 301445983 prime?
False
Is 9289991 a composite number?
False
Is 31567219 prime?
True
Is 33614029 composite?
False
Is 522450307 prime?
False
Is 8428219 prime?
False
Is 254488397 composite?
False
Is 357691 a composite number?
True
Is 18422269 composite?
False
Is 1867993 a composite number?
False
Is 502121 a composite number?
False
Is 1625311 a composite number?
False
Is 85383463 prime?
False
Is 1505773 composite?
False
Is 44353977 a composite number?
True
Is 87752531 a prime number?
True
Is 269081 a composite number?
True
Is 315107089 a prime number?
False
Is 822509 a prime number?
False
Is 1058705 composite?
True
Is 548507 a prime number?
False
Is 6342647 prime?
True
Is 2683753 a composite number?
False
Is 167439505 prime?
False
Is 335537309 composite?
False
Is 4506877 a prime number?
False
Is 211369 composite?
False
Is 51461 a prime number?
True
Is 6638299 a prime number?
True
Is 28487231 prime?
True
Is 6300779 a prime number?
False
Is 39173273 composite?
False
Is 3225533 a composite number?
True
Is 26342021 composite?
False
Is 1085629 a composite number?
True
Is 720275509 a prime number?
False
Is 41364769 a composite number?
False
Is 16187957 a composite number?
True
Is 34653613 a composite number?
False
Is 81422699 composite?
False
Is 1221029 composite?
False
Is 3249179 a composite number?
False
Is 220308499 a prime number?
True
Is 16598297 a composite number?
True
Is 27044438 a prime number?
False
Is 1201829 a composite number?
False
Is 3952997 composite?
False
Is 426079 composite?
True
Is 67962019 composite?
False
Is 2804497 a composite number?
False
Is 70051 composite?
False
Is 11386451 a composite number?
False
Is 1289711 composite?
False
Is 16430977 a prime number?
True
Is 336770867 composite?
True
Is 150289903 prime?
True
Is 41450189 composite?
True
Is 305314 a prime number?
False
Is 722839 a prime number?
False
Is 20739839 composite?
False
Is 22099115 composite?
True
Is 307627 a prime number?
True
Is 8676493 a prime number?
False
Is 20834137 a prime number?
True
Is 7465967 composite?
True
Is 31391387 a composite number?
True
Is 400301943 composite?
True
Is 1225459 prime?
True
Is 32036429 a prime number?
False
Is 33923333 a prime number?
True
Is 3356417 prime?
True
Is 36854383 composite?
False
Is 297079397 a prime number?
True
Is 12558779 composite?
False
Is 25403509 composite?
True
Is 245438051 a prime number?
True
Is 3481717 a prime number?
False
Is 219483479 composite?
True
Is 8615654 a composite number?
True
Is 5689015 a prime number?
False
Is 3171589 a prime number?
False
Is 97081433 a prime number?
False
Is 195331967 composite?
False
Is 794201 composite?
False
Is 3524699 prime?
True
Is 25024489 composite?
True
Is 33153067 a composite number?
True
Is 78633287 composite?
True
Is 253126121 a composite number?
False
Is 5507657 composite?
False
Is 114634483 prime?
False
Is 1372205 a composite number?
True
Is 58984573 a composite number?
False
Is 24381529 composite?
False
Is 97019759 prime?
True
Is 2186909 composite?
True
Is 63703469 a prime number?
True
Is 148049017 prime?
False
Is 6792601 a prime number?
True
Is 1907729 a composite number?
False
Is 21863033 prime?
True
Is 1553047 a composite number?
True
Is 62559713 a prime number?
True
Is 6161321 a prime number?
False
Is 2335997 a prime number?
True
Is 513189233 composite?
False
Is 349253 prime?
False
Is 13119167 prime?
False
Is 2278552717 prime?
False
Is 13463521 prime?
True
Is 1852475293 prime?
True
Is 741355619 prime?
False
Is 811743683 a prime number?
True
Is 155887289 prime?
False
Is 4236013 composite?
True
Is 68711287 a composite number?
True
Is 276901 a prime number?
True
Is 41890137 a composite number?
True
Is 778668281 a prime number?
False
Is 5477755 a prime number?
False
Is 554051 a prime number?
True
Is 1053761 a composite number?
True
Is 3457871 a prime number?
True
Is 1667863 a composite number?
False
Is 3630521 composite?
False
Is 369247 a prime number?
True
Is 465433 composite?
False
Is 66921269 a prime number?
True
Is 206780221 prime?
True
Is 868931 prime?
False
Is 2202323 prime?
False
Is 11951429 composite?
True
Is 13624151 a prime number?
True
Is 9813053 a prime number?
False
Is 4631093 composite?
False
Is 29516609 prime?
False
Is 5491889 composite?
True
Is 26374547 prime?
True
Is 30365879 a prime number?
True
Is 3887581 a prime number?
True
Is 14405147 composite?
False
Is 195113 prime?
False
Is 34674995 prime?
False
Is 261546709 a prime number?
False
Is 3978917 prime?
True
Is 18413 a composite number?
False
Is 520649 a prime number?
True
Is 9534619 composite?
False
Is 770549 composite?
True
Is 531977 a composite number?
False
Is 9240509 a composite number?
False
Is 6869101 prime?
True
Is 751237 prime?
True
Is 370296733 a composite number?
False
Is 14884127 a prime number?
True
Is 173249 a prime number?
True
Is 671096119 prime?
False
Is 2419679 prime?
True
Is 16721777 a composite number?
True
Is 18578327 prime?
True
Is 20658637 composite?
True
Is 6478747 a composite number?
True
Is 90058123 a composite number?
False
Is 12108737 prime?
True
Is 457260179 composite?
False
Is 76664993 a composite number?
False
Is 19724911 composite?
False
Is 72063343 a composite number?
True
Is 691515623 composite?
False
Is 20942533 a prime number?
False
Is 13076341 a composite number?
False
Is 2789466617 a prime number?
False
Is 528863 a prime number?
True
Is 175452473 composite?
True
Is 147731 composite?
True
Is 8548399 prime?
False
Is 2681335 composite?
True
Is 22576981 a composite number?
True
Is 37561957 composite?
True
Is 109178021 a composite number?
False
Is 57800521 composite?
False
Is 14931979 a prime number?
False
Is 12602519 prime?
False
Is 1001659 a prime number?
True
Is 7663867 prime?
False
Is 30100643 a composite number?
False
Is 7324673 prime?
False
Is 41784199 composite?
False
Is 119918891 a prime number?
False
Is 122972977 prime?
True
Is 4651859 composite?
False
Is 689443 a composite number?
True
Is 2584841 a composite number?
True
Is 19553741 composite?
False
Is 342208583 a prime number?
False
Is 1884787 a prime number?
False
Is 1388703 prime?
False
Is 336016877 a composite number?
True
Is 291441299 prime?
True
Is 11564107 composite?
False
Is 2170979 a prime number?
False
Is 47676679 a composite number?
False
Is 21184679 a composite number?
True
Is 88542413 composite?
True
Is 2449519 a prime number?
True
Is 3514031 a prime number?
False
Is 27557158 composite?
True
Is 3172219 a composite number?
True
Is 7899406 composite?
True
Is 773581 a composite number?
True
Is 32345653 a prime number?
False
Is 54840143 a composite number?
True
Is 349037609 a prime number?
False
Is 10690409 prime?
True
Is 12433255 a composite number?
True
Is 21142399 a prime number?
True
Is 10603373 prime?
False
Is 3431663 prime?
False
Is 44786777 a prime number?
False
Is 1406227 a composite number?
True
Is 384347 prime?
False
Is 6958157 composite?
False
Is 167561099 composite?
False
Is 110394019 composite?
False
Is 128834557 a prime number?
False
Is 497806 prime?
False
Is 9534869 composite?
False
Is 1235189 prime?
False
Is 32266121 a 